{"id":84,"date":"2026-04-14T19:09:16","date_gmt":"2026-04-14T19:09:16","guid":{"rendered":"https:\/\/adrianaevents.ro\/?post_type=product&#038;p=84"},"modified":"2026-04-14T19:35:02","modified_gmt":"2026-04-14T19:35:02","slug":"marturie-nunta","status":"publish","type":"product","link":"https:\/\/adrianaevents.ro\/?product=marturie-nunta","title":{"rendered":"Marturie Nunta"},"content":{"rendered":"<p data-start=\"75\" data-end=\"377\">Aceast\u0103 m\u0103rturie rafinat\u0103 din s\u0103pun, \u00een form\u0103 de inim\u0103 cu m\u00e2ini delicate, simbolizeaz\u0103 iubirea, protec\u021bia \u0219i leg\u0103tura profund\u0103 dintre doi oameni. Realizat\u0103 cu grij\u0103 \u0219i aten\u021bie la detalii, fiecare pies\u0103 transmite emo\u021bie \u0219i fine\u021be, fiind alegerea perfect\u0103 pentru a completa decorul unei nun\u021bi de poveste.<\/p>\n<p data-start=\"379\" data-end=\"602\">A\u0219ezat\u0103 \u00eentr-o cutiu\u021b\u0103 elegant\u0103, cu un design minimalist \u0219i romantic, m\u0103rturia impresioneaz\u0103 prin simplitatea sa sofisticat\u0103. Textura fin\u0103 \u0219i parfumul subtil transform\u0103 acest cadou \u00eentr-o experien\u021b\u0103 pl\u0103cut\u0103 pentru invita\u021bi.<\/p>\n<p data-start=\"604\" data-end=\"706\">Un suvenir de suflet, menit s\u0103 p\u0103streze vie amintirea unei zile speciale, pline de iubire \u0219i emo\u021bie \ud83e\udd0d<\/p>\n","protected":false},"excerpt":{"rendered":"<p>Aceast\u0103 m\u0103rturie rafinat\u0103 din s\u0103pun, \u00een form\u0103 de inim\u0103 cu m\u00e2ini delicate, simbolizeaz\u0103 iubirea, protec\u021bia \u0219i leg\u0103tura profund\u0103 dintre doi [&hellip;]<\/p>\n","protected":false},"featured_media":85,"comment_status":"open","ping_status":"closed","template":"","meta":{"site-sidebar-layout":"default","site-content-layout":"","ast-site-content-layout":"default","site-content-style":"default","site-sidebar-style":"default","ast-global-header-display":"","ast-banner-title-visibility":"","ast-main-header-display":"","ast-hfb-above-header-display":"","ast-hfb-below-header-display":"","ast-hfb-mobile-header-display":"","site-post-title":"","ast-breadcrumbs-content":"","ast-featured-img":"","footer-sml-layout":"","ast-disable-related-posts":"","theme-transparent-header-meta":"default","adv-header-id-meta":"","stick-header-meta":"","header-above-stick-meta":"","header-main-stick-meta":"","header-below-stick-meta":"","astra-migrate-meta-layouts":"set","ast-page-background-enabled":"default","ast-page-background-meta":{"desktop":{"background-color":"var(--ast-global-color-5)","background-image":"","background-repeat":"repeat","background-position":"center center","background-size":"auto","background-attachment":"scroll","background-type":"","background-media":"","overlay-type":"","overlay-color":"","overlay-opacity":"","overlay-gradient":""},"tablet":{"background-color":"","background-image":"","background-repeat":"repeat","background-position":"center center","background-size":"auto","background-attachment":"scroll","background-type":"","background-media":"","overlay-type":"","overlay-color":"","overlay-opacity":"","overlay-gradient":""},"mobile":{"background-color":"","background-image":"","background-repeat":"repeat","background-position":"center center","background-size":"auto","background-attachment":"scroll","background-type":"","background-media":"","overlay-type":"","overlay-color":"","overlay-opacity":"","overlay-gradient":""}},"ast-content-background-meta":{"desktop":{"background-color":"var(--ast-global-color-4)","background-image":"","background-repeat":"repeat","background-position":"center center","background-size":"auto","background-attachment":"scroll","background-type":"","background-media":"","overlay-type":"","overlay-color":"","overlay-opacity":"","overlay-gradient":""},"tablet":{"background-color":"var(--ast-global-color-4)","background-image":"","background-repeat":"repeat","background-position":"center center","background-size":"auto","background-attachment":"scroll","background-type":"","background-media":"","overlay-type":"","overlay-color":"","overlay-opacity":"","overlay-gradient":""},"mobile":{"background-color":"var(--ast-global-color-4)","background-image":"","background-repeat":"repeat","background-position":"center center","background-size":"auto","background-attachment":"scroll","background-type":"","background-media":"","overlay-type":"","overlay-color":"","overlay-opacity":"","overlay-gradient":""}}},"product_brand":[],"product_cat":[15,28],"product_tag":[],"class_list":{"0":"post-84","1":"product","2":"type-product","3":"status-publish","4":"has-post-thumbnail","6":"product_cat-fara-categorie","7":"product_cat-nunta","8":"desktop-align-left","9":"tablet-align-left","10":"mobile-align-left","12":"first","13":"instock","14":"shipping-taxable","15":"purchasable","16":"product-type-simple"},"_links":{"self":[{"href":"https:\/\/adrianaevents.ro\/index.php?rest_route=\/wp\/v2\/product\/84","targetHints":{"allow":["GET"]}}],"collection":[{"href":"https:\/\/adrianaevents.ro\/index.php?rest_route=\/wp\/v2\/product"}],"about":[{"href":"https:\/\/adrianaevents.ro\/index.php?rest_route=\/wp\/v2\/types\/product"}],"replies":[{"embeddable":true,"href":"https:\/\/adrianaevents.ro\/index.php?rest_route=%2Fwp%2Fv2%2Fcomments&post=84"}],"wp:featuredmedia":[{"embeddable":true,"href":"https:\/\/adrianaevents.ro\/index.php?rest_route=\/wp\/v2\/media\/85"}],"wp:attachment":[{"href":"https:\/\/adrianaevents.ro\/index.php?rest_route=%2Fwp%2Fv2%2Fmedia&parent=84"}],"wp:term":[{"taxonomy":"product_brand","embeddable":true,"href":"https:\/\/adrianaevents.ro\/index.php?rest_route=%2Fwp%2Fv2%2Fproduct_brand&post=84"},{"taxonomy":"product_cat","embeddable":true,"href":"https:\/\/adrianaevents.ro\/index.php?rest_route=%2Fwp%2Fv2%2Fproduct_cat&post=84"},{"taxonomy":"product_tag","embeddable":true,"href":"https:\/\/adrianaevents.ro\/index.php?rest_route=%2Fwp%2Fv2%2Fproduct_tag&post=84"}],"curies":[{"name":"wp","href":"https:\/\/api.w.org\/{rel}","templated":true}]}}